lculate the highest common divisor of 39 and 962.
13
Calculate the greatest common divisor of 1328 and 1162.
166
What is the greatest common divisor of 27 and 1?
1
What is the highest common divisor of 84 and 1400?
28
What is the greatest common divisor of 318 and 6?
6
What is the greatest common divisor of 47282 and 94?
94
What is the highest common factor of 2337 and 57?
57
Calculate the highest common factor of 5 and 1.
1
Calculate the highest common divisor of 98 and 364.
14
Calculate the greatest common divisor of 6 and 300.
6
What is the highest common divisor of 13 and 3627?
13
Calculate the highest common divisor of 108 and 3537.
27
Calculate the highest common divisor of 155 and 65.
5
What is the greatest common factor of 68 and 102?
34
Calculate the highest common factor of 1127 and 943.
23
What is the highest common factor of 245 and 665?
35
Calculate the greatest common divisor of 870 and 60.
30
What is the greatest common factor of 1729 and 2128?
133
What is the highest common factor of 650 and 11440?
130
What is the highest common divisor of 15 and 5685?
15
What is the highest common divisor of 40 and 256?
8
What is the greatest common factor of 5401 and 11?
11
What is the greatest common divisor of 2087 and 5?
1
Calculate the greatest common factor of 340 and 5.
5
Calculate the greatest common factor of 23 and 161.
23
Calculate the greatest common divisor of 370 and 7178.
74
Calculate the highest common factor of 49 and 13279.
49
Calculate the highest common factor of 3275 and 275.
25
What is the highest common divisor of 406 and 87?
29
Calculate the greatest common factor of 64 and 832.
64
Calculate the highest common factor of 15 and 1600.
5
Calculate the greatest common factor of 1661 and 1812.
151
Calculate the highest common factor of 413 and 177.
59
Calculate the greatest common factor of 49 and 469.
7
What is the greatest common factor of 249 and 11371?
83
What is the greatest common divisor of 1389 and 31021?
463
Calculate the highest common factor of 23 and 6187.
23
Calculate the greatest common factor of 141 and 799.
47
What is the highest common factor of 124 and 310?
62
What is the highest common factor of 117 and 403?
13
What is the greatest common divisor of 136 and 2788?
68
What is the highest common divisor of 598 and 115?
23
What is the greatest common divisor of 595 and 2499?
119
What is the highest common factor of 1078 and 392?
98
Calculate the greatest common divisor of 6290 and 10.
10
What is the highest common factor of 4761 and 135?
9
What is the greatest common factor of 85 and 4045?
5
Calculate the highest common divisor of 1 and 243.
1
Calculate the greatest common divisor of 231 and 495.
33
What is the greatest common factor of 320 and 25?
5
What is the highest common divisor of 183 and 3?
3
Calculate the highest common factor of 60 and 12630.
30
What is the highest common divisor of 10700 and 100?
100
What is the greatest common factor of 511 and 7?
7
Calculate the greatest common factor of 2472 and 180.
12
Calculate the greatest common divisor of 60 and 1560.
60
What is the highest common divisor of 95 and 755?
5
Calculate the greatest common factor of 26 and 1014.
26
What is the greatest common factor of 4 and 42?
2
Calculate the greatest common factor of 15 and 465.
15
What is the greatest common divisor of 32 and 456?
8
What is the greatest common divisor of 16 and 1296?
16
Calculate the highest common divisor of 198 and 792.
198
Calculate the highest common divisor of 33 and 1023.
33
Calculate the greatest common divisor of 92 and 6141.
23
What is the greatest common divisor of 1001 and 910?
91
What is the highest common divisor of 256 and 2?
2
Calculate the highest common divisor of 1562 and 994.
142
What is the greatest common divisor of 22527 and 9?
9
What is the highest common divisor of 624 and 432?
48
What is the highest common divisor of 46 and 1012?
46
Calculate the greatest common factor of 1343 and 34.
17
Calculate the greatest common factor of 18 and 4113.
9
What is the greatest common factor of 618 and 6?
6
What is the greatest common divisor of 66 and 1804?
22
Calculate the greatest common factor of 11430 and 18.
18
Calculate the greatest common factor of 17473 and 865.
173
Calculate the greatest common divisor of 17 and 5899.
17
Calculate the greatest common factor of 1106 and 70.
14
What is the highest common divisor of 10640 and 5?
5
What is the greatest common factor of 41 and 410?
41
What is the highest common divisor of 7 and 22904?
7
Calculate the highest common factor of 1 and 137.
1
Calculate the greatest common factor of 283 and 31413.
283
Calculate the highest common factor of 22 and 935.
11
Calculate the highest common factor of 544 and 32.
32
What is the highest common factor of 360 and 80?
40
What is the highest common factor of 3906 and 882?
126
What is the highest common factor of 119 and 14?
7
What is the greatest common factor of 36 and 9?
9
What is the greatest common divisor of 36961 and 23?
23
What is the highest common divisor of 25 and 25325?
25
What is the highest common factor of 133 and 38?
19
Calculate the highest common factor of 1820 and 56.
28
Calculate the greatest common factor of 588 and 12.
12
What is the greatest common factor of 889 and 63?
7
What is the highest common factor of 754 and 638?
58
What is the highest common divisor of 31 and 248?
31
Calculate the highest common divisor of 640 and 32.
32
Calculate the highest common factor of 1363 and 87.
29
Calculate the greatest common factor of 98 and 10570.
14
Calculate the greatest common factor of 89 and 7.
1
What is the greatest common factor of 95 and 95?
95
What is the greatest common factor of 10686 and 78?
78
What is the greatest common divisor of 2184 and 42?
42
Calculate the greatest common divisor of 3132 and 406.
58
What is the greatest common divisor of 3815 and 109?
109
What is the greatest common factor of 100 and 28?
4
Calculate the highest common factor of 172 and 4988.
172
Calculate the greatest common factor of 33 and 63.
3
What is the highest common divisor of 490 and 17570?
70
What is the highest common divisor of 405 and 15?
15
Calculate the greatest common divisor of 150 and 90.
30
What is the highest common factor of 1749 and 33?
33
What is the greatest common factor of 85 and 85?
85
What is the greatest common divisor of 2125 and 323?
17
Calculate the highest common factor of 5246 and 61.
61
What is the greatest common factor of 62 and 1829?
31
What is the greatest common divisor of 2 and 196?
2
Calculate the highest common factor of 11732 and 140.
28
Calculate the highest common divisor of 3072 and 128.
128
What is the highest common divisor of 195 and 375?
15
What is the highest common divisor of 5712 and 51?
51
What is the greatest common factor of 152 and 2964?
76
Calculate the highest common factor of 1264 and 79.
79
What is the greatest common divisor of 33 and 407?
11
What is the highest common divisor of 721 and 412?
103
What is the highest common factor of 90 and 4290?
30
Calculate the highest common divisor of 7008 and 144.
48
Calculate the highest common factor of 341 and 187.
11
Calculate the greatest common factor of 32 and 88.
8
Calculate the highest common factor of 1914 and 1122.
66
What is the highest common factor of 21 and 13587?
21
What is the highest common divisor of 2 and 16?
2
Calculate the greatest common factor of 25 and 15.
5
What is the greatest common divisor of 6283 and 366?
61
What is the highest common factor of 118 and 1829?
59
What is the greatest common factor of 71 and 7?
1
Calculate the highest common divisor of 40 and 100.
20
What is the highest common divisor of 7815 and 15?
15
Calculate the greatest common divisor of 308 and 3058.
22
What is the greatest common factor of 1112 and 16?
8
What is the highest common divisor of 112 and 2576?
112
What is the greatest common factor of 6390 and 90?
90
What is the highest common divisor of 275 and 50?
25
What is the highest common divisor of 728 and 2392?
104
What is the greatest common factor of 107 and 2247?
107
Calculate the greatest common divisor of 69 and 161.
23
What is the highest common divisor of 731 and 17?
17
Calculate the greatest common divisor of 234 and 774.
18
Calculate t